{"id":534,"date":"2023-10-09T00:59:46","date_gmt":"2023-10-09T00:59:46","guid":{"rendered":"https:\/\/care4yourself.net\/dir\/?page_id=534"},"modified":"2023-10-12T17:26:53","modified_gmt":"2023-10-12T17:26:53","slug":"hechos-de-adiccion","status":"publish","type":"page","link":"https:\/\/care4yourself.net\/dir\/hechos-de-adiccion\/","title":{"rendered":"hechos de adicci\u00f3n"},"content":{"rendered":"\n<p>La adicci\u00f3n y las sobredosis han sido un problema cada vez mayor en el condado de Lucas y en todo el pa\u00eds, y las estad\u00edsticas de fuentes oficiales ilustran la profundidad del problema. Los opioides arruinan vidas, pero hay esperanza. Cada d\u00eda, las personas superan la adicci\u00f3n y reconstruyen sus vidas destrozadas. Aqu\u00ed se ofrece una mirada m\u00e1s cercana al problema de los opioides en Toledo y el condado de Lucas, Ohio.<\/p>\n\n\n\n<p class=\"has-text-align-center has-large-font-size\">Casi el 90 por ciento de todas las muertes por sobredosis en el condado de Lucas en 2020 fueron causadas por fentanilo.<\/p>\n\n\n\n<div class=\"wp-block-columns is-layout-flex wp-container-core-columns-is-layout-9d6595d7 wp-block-columns-is-layout-flex\">\n<div class=\"wp-block-column is-layout-flow wp-block-column-is-layout-flow\">\n<div class=\"flourish-embed flourish-chart\" data-src=\"visualisation\/15286180\"><script src=\"https:\/\/public.flourish.studio\/resources\/embed.js\"><\/script><\/div>\n<\/div>\n\n\n\n<div class=\"wp-block-column is-layout-flow wp-block-column-is-layout-flow\">\n<div class=\"flourish-embed flourish-chart\" data-src=\"visualisation\/15286216\"><script src=\"https:\/\/public.flourish.studio\/resources\/embed.js\"><\/script><\/div>\n<\/div>\n<\/div>\n\n\n\n<p>Nos dirigimos a la campa\u00f1a de concientizaci\u00f3n biling\u00fce seg\u00fan los datos demogr\u00e1ficos del censo de EE. UU. Se colocaron vallas publicitarias en lugares clave del East Side y Old South End de Toledo en funci\u00f3n del tr\u00e1fico general y el alto porcentaje de hispanohablantes entre los residentes. Nuestra investigaci\u00f3n demogr\u00e1fica tambi\u00e9n ha identificado \u00e1reas rurales circundantes con altos porcentajes de hogares de habla hispana que merecen cierta atenci\u00f3n en los esfuerzos de divulgaci\u00f3n de la campa\u00f1a. El siguiente cuadro muestra d\u00f3nde se encuentran los hogares de habla hispana en el condado de Lucas.<\/p>\n\n\n\n<div class=\"flourish-embed flourish-map\" data-src=\"visualisation\/15339737\"><script src=\"https:\/\/public.flourish.studio\/resources\/embed.js\"><\/script><\/div>\n","protected":false},"excerpt":{"rendered":"<p>La adicci\u00f3n y las sobredosis han sido un problema cada vez mayor en el condado de Lucas y en todo el pa\u00eds, y las estad\u00edsticas&hellip;<\/p>\n","protected":false},"author":1,"featured_media":0,"parent":0,"menu_order":0,"comment_status":"closed","ping_status":"closed","template":"","meta":{"nf_dc_page":"","om_disable_all_campaigns":false,"footnotes":""},"class_list":["post-534","page","type-page","status-publish","hentry"],"yoast_head":"<!-- This site is optimized with the Yoast SEO plugin v27.4 - https:\/\/yoast.com\/product\/yoast-seo-wordpress\/ -->\n<title>hechos de adicci\u00f3n - care4yourelf.net<\/title>\n<meta name=\"robots\" content=\"index, follow, max-snippet:-1, max-image-preview:large, max-video-preview:-1\" \/>\n<link rel=\"canonical\" href=\"https:\/\/care4yourself.net\/dir\/hechos-de-adiccion\/\" \/>\n<meta property=\"og:locale\" content=\"en_US\" \/>\n<meta property=\"og:type\" content=\"article\" \/>\n<meta property=\"og:title\" content=\"hechos de adicci\u00f3n - care4yourelf.net\" \/>\n<meta property=\"og:description\" content=\"La adicci\u00f3n y las sobredosis han sido un problema cada vez mayor en el condado de Lucas y en todo el pa\u00eds, y las estad\u00edsticas&hellip;\" \/>\n<meta property=\"og:url\" content=\"https:\/\/care4yourself.net\/dir\/hechos-de-adiccion\/\" \/>\n<meta property=\"og:site_name\" content=\"care4yourelf.net\" \/>\n<meta property=\"article:modified_time\" content=\"2023-10-12T17:26:53+00:00\" \/>\n<meta name=\"twitter:card\" content=\"summary_large_image\" \/>\n<meta name=\"twitter:label1\" content=\"Est. reading time\" \/>\n\t<meta name=\"twitter:data1\" content=\"1 minute\" \/>\n<script type=\"application\/ld+json\" class=\"yoast-schema-graph\">{\"@context\":\"https:\\\/\\\/schema.org\",\"@graph\":[{\"@type\":\"WebPage\",\"@id\":\"https:\\\/\\\/care4yourself.net\\\/dir\\\/hechos-de-adiccion\\\/\",\"url\":\"https:\\\/\\\/care4yourself.net\\\/dir\\\/hechos-de-adiccion\\\/\",\"name\":\"hechos de adicci\u00f3n - care4yourelf.net\",\"isPartOf\":{\"@id\":\"https:\\\/\\\/care4yourself.net\\\/dir\\\/#website\"},\"datePublished\":\"2023-10-09T00:59:46+00:00\",\"dateModified\":\"2023-10-12T17:26:53+00:00\",\"breadcrumb\":{\"@id\":\"https:\\\/\\\/care4yourself.net\\\/dir\\\/hechos-de-adiccion\\\/#breadcrumb\"},\"inLanguage\":\"en-US\",\"potentialAction\":[{\"@type\":\"ReadAction\",\"target\":[\"https:\\\/\\\/care4yourself.net\\\/dir\\\/hechos-de-adiccion\\\/\"]}]},{\"@type\":\"BreadcrumbList\",\"@id\":\"https:\\\/\\\/care4yourself.net\\\/dir\\\/hechos-de-adiccion\\\/#breadcrumb\",\"itemListElement\":[{\"@type\":\"ListItem\",\"position\":1,\"name\":\"Home\",\"item\":\"https:\\\/\\\/care4yourself.net\\\/dir\\\/\"},{\"@type\":\"ListItem\",\"position\":2,\"name\":\"hechos de adicci\u00f3n\"}]},{\"@type\":\"WebSite\",\"@id\":\"https:\\\/\\\/care4yourself.net\\\/dir\\\/#website\",\"url\":\"https:\\\/\\\/care4yourself.net\\\/dir\\\/\",\"name\":\"care4yourelf.net\\\/quierete.org\",\"description\":\"A bilingual opioid, fentanyl, and drug abuse awareness program adminsitered by Nuestra Gente Community Projects with funding from the Ohio Minority Health Commission; companion website to quierete.org\",\"publisher\":{\"@id\":\"https:\\\/\\\/care4yourself.net\\\/dir\\\/#organization\"},\"potentialAction\":[{\"@type\":\"SearchAction\",\"target\":{\"@type\":\"EntryPoint\",\"urlTemplate\":\"https:\\\/\\\/care4yourself.net\\\/dir\\\/?s={search_term_string}\"},\"query-input\":{\"@type\":\"PropertyValueSpecification\",\"valueRequired\":true,\"valueName\":\"search_term_string\"}}],\"inLanguage\":\"en-US\"},{\"@type\":\"Organization\",\"@id\":\"https:\\\/\\\/care4yourself.net\\\/dir\\\/#organization\",\"name\":\"Nuestra Gente Community Projects, Inc.\",\"url\":\"https:\\\/\\\/care4yourself.net\\\/dir\\\/\",\"logo\":{\"@type\":\"ImageObject\",\"inLanguage\":\"en-US\",\"@id\":\"https:\\\/\\\/care4yourself.net\\\/dir\\\/#\\\/schema\\\/logo\\\/image\\\/\",\"url\":\"https:\\\/\\\/care4yourself.net\\\/dir\\\/wp-content\\\/uploads\\\/2023\\\/09\\\/ngcpLogo1.png\",\"contentUrl\":\"https:\\\/\\\/care4yourself.net\\\/dir\\\/wp-content\\\/uploads\\\/2023\\\/09\\\/ngcpLogo1.png\",\"width\":150,\"height\":113,\"caption\":\"Nuestra Gente Community Projects, Inc.\"},\"image\":{\"@id\":\"https:\\\/\\\/care4yourself.net\\\/dir\\\/#\\\/schema\\\/logo\\\/image\\\/\"}}]}<\/script>\n<!-- \/ Yoast SEO plugin. -->","yoast_head_json":{"title":"hechos de adicci\u00f3n - care4yourelf.net","robots":{"index":"index","follow":"follow","max-snippet":"max-snippet:-1","max-image-preview":"max-image-preview:large","max-video-preview":"max-video-preview:-1"},"canonical":"https:\/\/care4yourself.net\/dir\/hechos-de-adiccion\/","og_locale":"en_US","og_type":"article","og_title":"hechos de adicci\u00f3n - care4yourelf.net","og_description":"La adicci\u00f3n y las sobredosis han sido un problema cada vez mayor en el condado de Lucas y en todo el pa\u00eds, y las estad\u00edsticas&hellip;","og_url":"https:\/\/care4yourself.net\/dir\/hechos-de-adiccion\/","og_site_name":"care4yourelf.net","article_modified_time":"2023-10-12T17:26:53+00:00","twitter_card":"summary_large_image","twitter_misc":{"Est. reading time":"1 minute"},"schema":{"@context":"https:\/\/schema.org","@graph":[{"@type":"WebPage","@id":"https:\/\/care4yourself.net\/dir\/hechos-de-adiccion\/","url":"https:\/\/care4yourself.net\/dir\/hechos-de-adiccion\/","name":"hechos de adicci\u00f3n - care4yourelf.net","isPartOf":{"@id":"https:\/\/care4yourself.net\/dir\/#website"},"datePublished":"2023-10-09T00:59:46+00:00","dateModified":"2023-10-12T17:26:53+00:00","breadcrumb":{"@id":"https:\/\/care4yourself.net\/dir\/hechos-de-adiccion\/#breadcrumb"},"inLanguage":"en-US","potentialAction":[{"@type":"ReadAction","target":["https:\/\/care4yourself.net\/dir\/hechos-de-adiccion\/"]}]},{"@type":"BreadcrumbList","@id":"https:\/\/care4yourself.net\/dir\/hechos-de-adiccion\/#breadcrumb","itemListElement":[{"@type":"ListItem","position":1,"name":"Home","item":"https:\/\/care4yourself.net\/dir\/"},{"@type":"ListItem","position":2,"name":"hechos de adicci\u00f3n"}]},{"@type":"WebSite","@id":"https:\/\/care4yourself.net\/dir\/#website","url":"https:\/\/care4yourself.net\/dir\/","name":"care4yourelf.net\/quierete.org","description":"A bilingual opioid, fentanyl, and drug abuse awareness program adminsitered by Nuestra Gente Community Projects with funding from the Ohio Minority Health Commission; companion website to quierete.org","publisher":{"@id":"https:\/\/care4yourself.net\/dir\/#organization"},"potentialAction":[{"@type":"SearchAction","target":{"@type":"EntryPoint","urlTemplate":"https:\/\/care4yourself.net\/dir\/?s={search_term_string}"},"query-input":{"@type":"PropertyValueSpecification","valueRequired":true,"valueName":"search_term_string"}}],"inLanguage":"en-US"},{"@type":"Organization","@id":"https:\/\/care4yourself.net\/dir\/#organization","name":"Nuestra Gente Community Projects, Inc.","url":"https:\/\/care4yourself.net\/dir\/","logo":{"@type":"ImageObject","inLanguage":"en-US","@id":"https:\/\/care4yourself.net\/dir\/#\/schema\/logo\/image\/","url":"https:\/\/care4yourself.net\/dir\/wp-content\/uploads\/2023\/09\/ngcpLogo1.png","contentUrl":"https:\/\/care4yourself.net\/dir\/wp-content\/uploads\/2023\/09\/ngcpLogo1.png","width":150,"height":113,"caption":"Nuestra Gente Community Projects, Inc."},"image":{"@id":"https:\/\/care4yourself.net\/dir\/#\/schema\/logo\/image\/"}}]}},"jetpack_sharing_enabled":true,"_links":{"self":[{"href":"https:\/\/care4yourself.net\/dir\/wp-json\/wp\/v2\/pages\/534","targetHints":{"allow":["GET"]}}],"collection":[{"href":"https:\/\/care4yourself.net\/dir\/wp-json\/wp\/v2\/pages"}],"about":[{"href":"https:\/\/care4yourself.net\/dir\/wp-json\/wp\/v2\/types\/page"}],"author":[{"embeddable":true,"href":"https:\/\/care4yourself.net\/dir\/wp-json\/wp\/v2\/users\/1"}],"replies":[{"embeddable":true,"href":"https:\/\/care4yourself.net\/dir\/wp-json\/wp\/v2\/comments?post=534"}],"version-history":[{"count":2,"href":"https:\/\/care4yourself.net\/dir\/wp-json\/wp\/v2\/pages\/534\/revisions"}],"predecessor-version":[{"id":547,"href":"https:\/\/care4yourself.net\/dir\/wp-json\/wp\/v2\/pages\/534\/revisions\/547"}],"wp:attachment":[{"href":"https:\/\/care4yourself.net\/dir\/wp-json\/wp\/v2\/media?parent=534"}],"curies":[{"name":"wp","href":"https:\/\/api.w.org\/{rel}","templated":true}]}}